{"id":88,"date":"2025-01-29T12:37:29","date_gmt":"2025-01-29T12:37:29","guid":{"rendered":"https:\/\/cramerfw.kmuu.de\/?page_id=88"},"modified":"2025-03-04T14:48:41","modified_gmt":"2025-03-04T14:48:41","slug":"gastebuch","status":"publish","type":"page","link":"https:\/\/cramerfw.kmuu.de\/?page_id=88","title":{"rendered":""},"content":{"rendered":"\n<div class=\"wp-block-group has-background is-nowrap is-layout-flex wp-container-core-group-is-layout-6c531013 wp-block-group-is-layout-flex\" style=\"background-color:#000000\">\n<div class=\"wp-block-media-text has-media-on-the-right is-stacked-on-mobile has-background\" style=\"background-color:#000000;margin-right:var(--wp--preset--spacing--60);margin-left:var(--wp--preset--spacing--60);padding-right:0;padding-left:0;grid-template-columns:auto 51%\"><div class=\"wp-block-media-text__content\">\n<p class=\"is-style-text-subtitle has-text-color has-link-color has-passion-one-font-family wp-elements-53a550ed76032da1a7b867faf8b775b5 is-style-text-subtitle--1\" style=\"color:#8bc989;font-size:clamp(22.041px, 1.378rem + ((1vw - 3.2px) * 1.369), 36px);\">G\u00e4stebuch<\/p>\n\n\n\n<p class=\"has-text-align-left\"><em>Liebe Ferieng\u00e4ste von Auszeit an der J\u00fcmme.<br>Wir sind sehr bem\u00fcht, dass Sie sich&nbsp; 100% bei uns wohl f\u00fchlen. Deshalb w\u00fcrden wir uns \u00fcber Ihre R\u00fcckmeldung freuen.&nbsp;<br>Lob, Anregungen, konstruktive Kritik oder sch\u00f6ne Urlaubsberichte, die Ihnen passiert sind.&nbsp;<br>Klicken Sie auf den Link &#8222;G\u00e4stebuch&#8220; und Sie werden verlinkt zu unserem G\u00e4stebuch auf &#8222;my-G\u00e4stebuch&#8220;. Vielen Dank im Voraus f\u00fcr Ihre R\u00fcckmeldung.<\/em><\/p>\n\n\n\n<div class=\"wp-block-buttons is-content-justification-right is-layout-flex wp-container-core-buttons-is-layout-d445cf74 wp-block-buttons-is-layout-flex\">\n<div class=\"wp-block-button\"><a class=\"wp-block-button__link has-background wp-element-button\" href=\"http:\/\/50055.my-gaestebuch.de\/buch50055.html\" style=\"background-color:#8bc989\" target=\"_blank\" rel=\"noreferrer noopener\">G\u00e4stebuch<\/a><\/div>\n<\/div>\n<\/div><figure class=\"wp-block-media-text__media\"><img loading=\"lazy\" decoding=\"async\" width=\"800\" height=\"533\" src=\"https:\/\/cramerfw.kmuu.de\/wp-content\/uploads\/2025\/01\/reservaaaaaaaaaa-1.webp\" alt=\"\" class=\"wp-image-123 size-full\" srcset=\"https:\/\/cramerfw.kmuu.de\/wp-content\/uploads\/2025\/01\/reservaaaaaaaaaa-1.webp 800w, https:\/\/cramerfw.kmuu.de\/wp-content\/uploads\/2025\/01\/reservaaaaaaaaaa-1-300x200.webp 300w, https:\/\/cramerfw.kmuu.de\/wp-content\/uploads\/2025\/01\/reservaaaaaaaaaa-1-768x512.webp 768w\" sizes=\"auto, (max-width: 800px) 100vw, 800px\" \/><\/figure><\/div>\n<\/div>\n","protected":false},"excerpt":{"rendered":"<p>G\u00e4stebuch Liebe Ferieng\u00e4ste von Auszeit an der J\u00fcmme.Wir sind sehr bem\u00fcht, dass Sie sich&nbsp; 100% bei uns wohl f\u00fchlen. Deshalb w\u00fcrden wir uns \u00fcber Ihre R\u00fcckmeldung freuen.&nbsp;Lob, Anregungen, konstruktive Kritik oder sch\u00f6ne Urlaubsberichte, die Ihnen passiert sind.&nbsp;Klicken Sie auf den Link &#8222;G\u00e4stebuch&#8220; und Sie werden verlinkt zu unserem G\u00e4stebuch auf &#8222;my-G\u00e4stebuch&#8220;. Vielen Dank im Voraus [&hellip;]<\/p>\n","protected":false},"author":1,"featured_media":0,"parent":0,"menu_order":0,"comment_status":"closed","ping_status":"closed","template":"","meta":{"footnotes":""},"class_list":["post-88","page","type-page","status-publish","hentry"],"_links":{"self":[{"href":"https:\/\/cramerfw.kmuu.de\/index.php?rest_route=\/wp\/v2\/pages\/88","targetHints":{"allow":["GET"]}}],"collection":[{"href":"https:\/\/cramerfw.kmuu.de\/index.php?rest_route=\/wp\/v2\/pages"}],"about":[{"href":"https:\/\/cramerfw.kmuu.de\/index.php?rest_route=\/wp\/v2\/types\/page"}],"author":[{"embeddable":true,"href":"https:\/\/cramerfw.kmuu.de\/index.php?rest_route=\/wp\/v2\/users\/1"}],"replies":[{"embeddable":true,"href":"https:\/\/cramerfw.kmuu.de\/index.php?rest_route=%2Fwp%2Fv2%2Fcomments&post=88"}],"version-history":[{"count":17,"href":"https:\/\/cramerfw.kmuu.de\/index.php?rest_route=\/wp\/v2\/pages\/88\/revisions"}],"predecessor-version":[{"id":402,"href":"https:\/\/cramerfw.kmuu.de\/index.php?rest_route=\/wp\/v2\/pages\/88\/revisions\/402"}],"wp:attachment":[{"href":"https:\/\/cramerfw.kmuu.de\/index.php?rest_route=%2Fwp%2Fv2%2Fmedia&parent=88"}],"curies":[{"name":"wp","href":"https:\/\/api.w.org\/{rel}","templated":true}]}}